prime factors of 1168.
2, 73
What are the prime factors of 63121?
17, 47, 79
List the prime factors of 717.
3, 239
What are the prime factors of 558?
2, 3, 31
What are the prime factors of 59205?
3, 5, 3947
What are the prime factors of 7561?
7561
List the prime factors of 12193.
89, 137
List the prime factors of 975.
3, 5, 13
What are the prime factors of 2638?
2, 1319
List the prime factors of 286.
2, 11, 13
List the prime factors of 89.
89
List the prime factors of 145589.
145589
What are the prime factors of 21193?
21193
What are the prime factors of 9?
3
What are the prime factors of 6192?
2, 3, 43
What are the prime factors of 383?
383
What are the prime factors of 438?
2, 3, 73
List the prime factors of 1920.
2, 3, 5
List the prime factors of 10160.
2, 5, 127
What are the prime factors of 2434?
2, 1217
What are the prime factors of 4178?
2, 2089
What are the prime factors of 8921?
11, 811
What are the prime factors of 9337?
9337
What are the prime factors of 2071?
19, 109
List the prime factors of 9239.
9239
What are the prime factors of 9561?
3, 3187
List the prime factors of 830.
2, 5, 83
What are the prime factors of 621?
3, 23
List the prime factors of 33483.
3, 11161
What are the prime factors of 1430?
2, 5, 11, 13
List the prime factors of 6612.
2, 3, 19, 29
What are the prime factors of 79681?
7, 11383
What are the prime factors of 57439?
71, 809
What are the prime factors of 3182?
2, 37, 43
What are the prime factors of 45306?
2, 3, 839
List the prime factors of 375.
3, 5
List the prime factors of 69587.
7, 9941
List the prime factors of 10024.
2, 7, 179
What are the prime factors of 1010?
2, 5, 101
What are the prime factors of 3224?
2, 13, 31
List the prime factors of 66827.
17, 3931
List the prime factors of 847.
7, 11
List the prime factors of 1001.
7, 11, 13
What are the prime factors of 1127?
7, 23
List the prime factors of 35300.
2, 5, 353
List the prime factors of 2129.
2129
List the prime factors of 8466.
2, 3, 17, 83
What are the prime factors of 13691?
13691
What are the prime factors of 13551?
3, 4517
What are the prime factors of 200?
2, 5
List the prime factors of 1561.
7, 223
What are the prime factors of 1138?
2, 569
What are the prime factors of 6111?
3, 7, 97
List the prime factors of 2346.
2, 3, 17, 23
List the prime factors of 41601.
3, 7, 283
List the prime factors of 2608.
2, 163
List the prime factors of 307.
307
List the prime factors of 1282.
2, 641
What are the prime factors of 65?
5, 13
What are the prime factors of 8789?
11, 17, 47
List the prime factors of 31962.
2, 3, 7, 761
What are the prime factors of 7256?
2, 907
What are the prime factors of 6491?
6491
What are the prime factors of 1036?
2, 7, 37
List the prime factors of 5211.
3, 193
What are the prime factors of 64680?
2, 3, 5, 7, 11
What are the prime factors of 1550?
2, 5, 31
List the prime factors of 6392.
2, 17, 47
List the prime factors of 86073.
3, 13, 2207
What are the prime factors of 186?
2, 3, 31
What are the prime factors of 2852?
2, 23, 31
What are the prime factors of 16389?
3, 607
List the prime factors of 117.
3, 13
What are the prime factors of 122?
2, 61
List the prime factors of 2493.
3, 277
List the prime factors of 2016.
2, 3, 7
List the prime factors of 39419.
39419
List the prime factors of 521.
521
What are the prime factors of 3657?
3, 23, 53
List the prime factors of 11121.
3, 11, 337
List the prime factors of 162722.
2, 7, 59, 197
What are the prime factors of 32270?
2, 5, 7, 461
What are the prime factors of 21305?
5, 4261
List the prime factors of 22306.
2, 19, 587
List the prime factors of 308.
2, 7, 11
What are the prime factors of 615?
3, 5, 41
List the prime factors of 2133.
3, 79
What are the prime factors of 65228?
2, 23, 709
What are the prime factors of 131052?
2, 3, 67, 163
List the prime factors of 50454.
2, 3, 2803
What are the prime factors of 44041?
44041
What are the prime factors of 1804?
2, 11, 41
What are the prime factors of 534?
2, 3, 89
List the prime factors of 78846.
2, 3, 17, 773
What are the prime factors of 722?
2, 19
What are the prime factors of 8703?
3, 967
What are the prime factors of 867?
3, 17
List the prime factors of 139.
139
What are the prime factors of 163830?
2, 3, 5, 43, 127
What are the prime factors of 1026?
2, 3, 19
What are the prime factors of 4876?
2, 23, 53
List the prime factors of 8735.
5, 1747
List the prime factors of 14069.
11, 1279
List the prime factors of 81.
3
What are the prime factors of 5133?
3, 29, 59
What are the prime factors of 1809?
3, 67
What are the prime factors of 2949?
3, 983
What are the prime factors of 6977?
6977
What are the prime factors of 13?
13
List the prime factors of 11743.
11743
List the prime factors of 227.
227
What are the prime factors of 35906?
2, 13, 1381
What are the prime factors of 655?
5, 131
List the prime factors of 22182.
2, 3, 3697
List the prime factors of 98804.
2, 17, 1453
List the prime factors of 18821.
11, 29, 59
List the prime factors of 9167.
89, 103
What are the prime factors of 589?
19, 31
List the prime factors of 1995.
3, 5, 7, 19
What are the prime factors of 3276?
2, 3, 7, 13
What are the prime factors of 52450?
2, 5, 1049
What are the prime factors of 33957?
3, 7, 11
List the prime factors of 462.
2, 3, 7, 11
List the prime factors of 35989.
17, 29, 73
List the prime factors of 152116.
2, 17, 2237
List the prime factors of 916.
2, 229
List the prime factors of 11407.
11, 17, 61
What are the prime factors of 505?
5, 101
What are the prime factors of 4702?
2, 2351
What are the prime factors of 13941?
3, 1549
What are the prime factors of 1319?
1319
List the prime factors of 7212.
2, 3, 601
What are the prime factors of 29252?
2, 71, 103
What are the prime factors of 10113?
3, 3371
List the prime factors of 36103.
79, 457
List the prime factors of 33900.
2, 3, 5, 113
What are the prime factors of 4921?
7, 19, 37
List the prime factors of 1432.
2, 179
List the prime factors of 375.
3, 5
What are the prime factors of 5455?
5, 1091
What are the prime factors of 20509?
20509
List the prime factors of 501.
3, 167
What are the prime factors of 299?
13, 23
List the prime factors of 6666.
2, 3, 11, 101
What are the prime factors of 54094?
2, 17, 37, 43
What are the prime factors of 19026?
2, 3, 7, 151
What are the prime factors of 6664?
2, 7, 17
List the prime factors of 2333.
2333
What are the prime factors of 963?
3, 107
What are the prime factors of 27852?
2, 3, 11, 211
What are the prime factors of 18873?
3, 233
What are the prime factors of 710?
2, 5, 71
List the prime factors of 4036.
2, 1009
List the prime factors of 6633.
3, 11, 67
What are the prime factors of 18136?
2, 2267
List the prime factors of 60998.
2, 7, 4357
List the prime factors of 332.
2, 83
What are the prime factors of 304?
2, 19
What are the prime factors of 960?
2, 3, 5
What are the prime factors of 759?
3, 11, 23
List the prime factors of 2726.
2, 29, 47
What are the prime factors of 21078?
2, 3, 1171
What are the prime factors of 422?
2, 211
What are the prime factors of 22370?
2, 5, 2237
What are the prime factors of 16118?
2, 8059
List the prime factors of 42530.
2, 5, 4253
What are the prime factors of 16338?
2, 3, 7, 389
List the prime factors of 2093.
7, 13, 23
List the prime factors of 2731.
2731
List the prime factors of 1464.
2, 3, 61
List the prime factors of 5445.
3, 5, 11
List the prime factors of 43424.
2, 23, 59
List the prime factors of 105886.
2, 11, 4813
List the prime factors of 6383.
13, 491
What are the prime factors of 65386?
2, 32693
List the prime factors of 7666.
2, 3833
List the prime factors of 5432.
2, 7, 97
List the prime factors of 351.
3, 13
What are the prime factors of 9328?
2, 11, 53
What are the prime factors of 34770?
2, 3, 5, 19, 61
List the prime factors of 903.
3, 7, 43
List the prime factors of 2025.
3, 5
List the prime factors of 24981.
3, 11, 757
What are the prime factors of 4021?
4021
List the prime factors of 140149.
269, 521
List the prime factors of 1452.
2, 3, 11
What are the prime factors of 54712?
2, 7, 977
List the prime factors of 1362.
2, 3, 227
List the prime factors of 7649.
7649
List the prime factors of 1099.
7, 157
List the prime factors of 149005.
5, 17, 1753
What are the prime fa